{"id":625,"date":"2021-09-30T15:53:43","date_gmt":"2021-09-30T13:53:43","guid":{"rendered":"https:\/\/www.arnaques-location-vacances.com\/?page_id=625"},"modified":"2022-08-23T15:52:44","modified_gmt":"2022-08-23T13:52:44","slug":"les-demarches-et-recours","status":"publish","type":"page","link":"https:\/\/www.arnaques-location-vacances.com\/index.php\/les-demarches-et-recours\/","title":{"rendered":"Les d\u00e9marches et recours en cas d&#8217;arnaque \u00e0 la location de vacances"},"content":{"rendered":"\n<p><\/p>\n\n\n\n<h1>Des recours limit\u00e9s <\/h1>\n\n\n\n<p>Si par le pass\u00e9, certains cyber-escrocs ont \u00e9t\u00e9 arr\u00eat\u00e9s et condamn\u00e9s, <strong>l&#8217;exp\u00e9rience montre que la restitution des sommes d\u00e9tourn\u00e9es est particuli\u00e8rement difficile<\/strong>. Par ailleurs, les cybercriminels ont chang\u00e9 de profil. D\u00e9sormais, la plupart des op\u00e9rations sont pilot\u00e9es de l&#8217;\u00e9tranger par des r\u00e9seaux bien organis\u00e9s. Inutile de dire que leur identification et leur arrestation sont devenues tr\u00e8s difficiles. Malgr\u00e9 tout, il existe quelques (maigres) voies de recours que nous vous pr\u00e9sentons ci-dessous. <\/p>\n\n\n\n<h1>L&#8217;assurance &#8220;location saisonni\u00e8re&#8221;<\/h1>\n\n\n\n<p>Certains sites internet proposent des assurances d\u00e9di\u00e9es \u00e0 la location de vacances qui couvrent le risque de fraude financi\u00e8re. Ces assurances ont un co\u00fbt modeste et nous couvrent contre un grand nombre de risques. Si vous avez souscrit \u00e0 ce type d&#8217;assurance, v\u00e9rifiez-en les garanties. A ce jour, deux assurances proposent une couverture anti-arnaque : <strong>ADAR+<\/strong> (Europassistance) propos\u00e9e par <strong>MediaVacances<\/strong> et <strong>Amivac<\/strong> (sous deux formules diff\u00e9rentes) et <strong>Cap Location de vacances<\/strong>.<\/p>\n\n\n\n<h1>La faute \u00e9ventuelle de la plate-forme<\/h1>\n\n\n\n<p>Dans le domaine de la lutte contre les arnaques \u00e0 la location de vacances les plates-formes ont une responsabilit\u00e9 dite &#8220;de moyens&#8221; (et non &#8220;de r\u00e9sultats&#8221;). Leur mod\u00e8le \u00e9conomique, les moyens techniques et humains dont elles disposent ne leur permettent pas objectivement de certifier l&#8217;existence et la propri\u00e9t\u00e9 d&#8217;un bien ou l&#8217;identit\u00e9 de l&#8217;annonceur. Si certaines plates-formes pr\u00e9sentent des r\u00e9sultats extr\u00eamement probants en la mati\u00e8re, elles ne peuvent offrir aucune garantie. <br><br>Ainsi, la responsabilit\u00e9 d&#8217;une plate-forme ne peut donc \u00eatre engag\u00e9e en cas d\u2019arnaque&#8230; sauf si elle a commis une faute en lien avec le pr\u00e9judice subi par la victime. La bonne gestion des cas de fraude implique par exemple qu&#8217;en cas de doute sur la fiabilit\u00e9 d&#8217;une annonce, celle-ci soit provisoirement suspendue en attente de sa v\u00e9rification. H\u00e9las, ce n&#8217;est pas toujours le cas. En effet nous avons, par le pass\u00e9, constat\u00e9 que certaines plates-formes concurrentes maintenaient la diffusion d&#8217;annonces que nous leur avions pourtant signal\u00e9es comme potentiellement frauduleuses. Par ailleurs, la DGCCRF a r\u00e9cemment accus\u00e9 certaines plates-formes de retraits tardifs, en d\u00e9calage avec la politique affich\u00e9e sur leurs pages. <br><br>En conclusion, si la plate-forme maintient la diffusion d&#8217;une annonce alors qu&#8217;un signalement a d\u00e9j\u00e0 \u00e9t\u00e9 effectu\u00e9 par un internaute, elle peut alors devenir responsable du pr\u00e9judice subi. <br>Nous avons ainsi :<br> 1) une faute de la plate-forme<br>2) un pr\u00e9judice <br>3) un lien de causalit\u00e9 entre les deux<\/p>\n\n\n\n<p>Ce dernier point permet d&#8217;invoquer la responsabilit\u00e9 civile au titre de l&#8217;article 1240 du Code Civil. La plate-forme doit r\u00e9parer le pr\u00e9judice caus\u00e9 aux victimes. Pour ces raisons, il est important que ces derni\u00e8res puissent se regrouper, \u00e9changer et croiser leur informations.<\/p>\n\n\n\n<h1>La faute \u00e9ventuelle de l&#8217;op\u00e9rateur de la carte pr\u00e9pay\u00e9e<\/h1>\n\n\n\n<p>Un nombre croissant d&#8217;arnaques sur le web utilisent des <strong>cartes bancaires pr\u00e9pay\u00e9es<\/strong> dot\u00e9es d&#8217;un IBAN, souvent obtenues avec une identit\u00e9 usurp\u00e9e ou falsifi\u00e9e. Le fraudeur demande alors \u00e0 sa future victime un virement sur un IBAN semblable \u00e0 celui d&#8217;un compte bancaire classique.  Il est alors th\u00e9oriquement possible de mettre en cause la responsabilit\u00e9 de l&#8217;\u00e9tablissement \u00e9metteur si la v\u00e9rification d&#8217;identit\u00e9 n&#8217;a pas \u00e9t\u00e9 correctement ex\u00e9cut\u00e9e. <\/p>\n\n\n\n<h1>Pourquoi se regrouper ?<\/h1>\n\n\n\n<p>Les victimes d&#8217;une m\u00eame fraude doivent pouvoir communiquer entre elles. En effet, cela permet d&#8217;\u00e9changer des informations sur le mode op\u00e9ratoire utilis\u00e9, d&#8217;apporter un maximum d&#8217;information aux services de police et de gendarmerie et de mutualiser les plaintes en justice. Un <strong>service de d\u00e9claration de cas d&#8217;arnaques<\/strong> est propos\u00e9 sur ce blog pour permettre aux victimes de s&#8217;organiser. <br><\/p>\n\n\n\n<h1>La d\u00e9claration \u00e0 la plate-forme<\/h1>\n\n\n\n<p>Si vous pensez avoir \u00e9t\u00e9 victime d&#8217;une arnaque \u00e0 la location de vacances, la premi\u00e8re chose \u00e0 faire est de contacter la plate-forme en donnant un maximum d&#8217;\u00e9l\u00e9ments sur le mode op\u00e9ratoire du fraudeur pr\u00e9sum\u00e9 : e-mails, num\u00e9ros de t\u00e9l\u00e9phone, r\u00e9sum\u00e9 des conversations t\u00e9l\u00e9phoniques, documents envoy\u00e9s, comptes bancaires, etc. de mani\u00e8re \u00e0 ce que celle-ci puisse enqu\u00eater efficacement. Elle devra alors rapidement confirmer ou infirmer la fraude. Il faudra veiller, en fonction du mode op\u00e9ratoire utilis\u00e9 par le cybercriminel, \u00e0 ne pas laisser de faille. Par exemple, si vous avez utilis\u00e9 un site frauduleux (de &#8220;phishing&#8221;) pour le paiement du loyer, il est fort probable que votre carte bancaire soit compromise. Il faudra alors faire opposition.<\/p>\n\n\n\n<h1>Le d\u00e9p\u00f4t de plainte <\/h1>\n\n\n\n<p>Si l&#8217;escroquerie est confirm\u00e9e, il est indispensable que la victime effectue un<strong> d\u00e9p\u00f4t de plainte<\/strong>. Il faudra alors transmettre aux forces de l&#8217;ordre tous les \u00e9l\u00e9ments utiles \u00e0 l&#8217;enqu\u00eate, en particulier les num\u00e9ros de t\u00e9l\u00e9phones, les adresses e-mails, URL des sites ou encore IBAN des comptes bancaires utilis\u00e9s. <br><br><\/p>\n","protected":false},"excerpt":{"rendered":"<p>Des recours limit\u00e9s Si par le pass\u00e9, certains cyber-escrocs ont \u00e9t\u00e9 arr\u00eat\u00e9s et condamn\u00e9s, l&#8217;exp\u00e9rience montre que la restitution des sommes d\u00e9tourn\u00e9es est particuli\u00e8rement difficile. Par ailleurs, les cybercriminels ont chang\u00e9 de profil. D\u00e9sormais, la plupart des op\u00e9rations sont pilot\u00e9es de l&#8217;\u00e9tranger par des r\u00e9seaux bien organis\u00e9s. Inutile de dire que leur identification et leur&hellip;&nbsp;<a href=\"https:\/\/www.arnaques-location-vacances.com\/index.php\/les-demarches-et-recours\/\" class=\"\" rel=\"bookmark\">Lire la suite &raquo;<span class=\"screen-reader-text\">Les d\u00e9marches et recours en cas d&#8217;arnaque \u00e0 la location de vacances<\/span><\/a><\/p>\n","protected":false},"author":1,"featured_media":0,"parent":0,"menu_order":0,"comment_status":"closed","ping_status":"closed","template":"","meta":{"_eb_attr":"","eb_css":"","neve_meta_sidebar":"","neve_meta_container":"","neve_meta_enable_content_width":"","neve_meta_content_width":0,"neve_meta_title_alignment":"","neve_meta_author_avatar":"","neve_post_elements_order":"","neve_meta_disable_header":"","neve_meta_disable_footer":"","neve_meta_disable_title":""},"acf":[],"yoast_head":"<!-- This site is optimized with the Yoast SEO plugin v19.4 - https:\/\/yoast.com\/wordpress\/plugins\/seo\/ -->\n<title>Les d\u00e9marches et recours en cas d&#039;arnaque \u00e0 la location de vacances - Stop aux arnaques \u00e0 la location de vacances<\/title>\n<meta name=\"description\" content=\"Quels sont vos recours si vous avez \u00e9t\u00e9 victime d&#039;une fraude \u00e0 la location de vacances ? Quelles d\u00e9marches mettre en place ?\" \/>\n<meta name=\"robots\" content=\"index, follow, max-snippet:-1, max-image-preview:large, max-video-preview:-1\" \/>\n<link rel=\"canonical\" href=\"https:\/\/www.arnaques-location-vacances.com\/index.php\/les-demarches-et-recours\/\" \/>\n<meta property=\"og:locale\" content=\"fr_FR\" \/>\n<meta property=\"og:type\" content=\"article\" \/>\n<meta property=\"og:title\" content=\"Les d\u00e9marches et recours en cas d&#039;arnaque \u00e0 la location de vacances - Stop aux arnaques \u00e0 la location de vacances\" \/>\n<meta property=\"og:description\" content=\"Quels sont vos recours si vous avez \u00e9t\u00e9 victime d&#039;une fraude \u00e0 la location de vacances ? Quelles d\u00e9marches mettre en place ?\" \/>\n<meta property=\"og:url\" content=\"https:\/\/www.arnaques-location-vacances.com\/index.php\/les-demarches-et-recours\/\" \/>\n<meta property=\"og:site_name\" content=\"Stop aux arnaques \u00e0 la location de vacances\" \/>\n<meta property=\"article:modified_time\" content=\"2022-08-23T13:52:44+00:00\" \/>\n<meta name=\"twitter:card\" content=\"summary_large_image\" \/>\n<meta name=\"twitter:label1\" content=\"Dur\u00e9e de lecture estim\u00e9e\" \/>\n\t<meta name=\"twitter:data1\" content=\"4 minutes\" \/>\n<script type=\"application\/ld+json\" class=\"yoast-schema-graph\">{\"@context\":\"https:\/\/schema.org\",\"@graph\":[{\"@type\":\"Organization\",\"@id\":\"https:\/\/www.arnaques-location-vacances.com\/#organization\",\"name\":\"Stop aux arnaques \u00e0 la location de vacances\",\"url\":\"https:\/\/www.arnaques-location-vacances.com\/\",\"sameAs\":[],\"logo\":{\"@type\":\"ImageObject\",\"inLanguage\":\"fr-FR\",\"@id\":\"https:\/\/www.arnaques-location-vacances.com\/#\/schema\/logo\/image\/\",\"url\":\"https:\/\/www.arnaques-location-vacances.com\/wp-content\/uploads\/2021\/09\/cropped-cropped-logo.gif\",\"contentUrl\":\"https:\/\/www.arnaques-location-vacances.com\/wp-content\/uploads\/2021\/09\/cropped-cropped-logo.gif\",\"width\":250,\"height\":250,\"caption\":\"Stop aux arnaques \u00e0 la location de vacances\"},\"image\":{\"@id\":\"https:\/\/www.arnaques-location-vacances.com\/#\/schema\/logo\/image\/\"}},{\"@type\":\"WebSite\",\"@id\":\"https:\/\/www.arnaques-location-vacances.com\/#website\",\"url\":\"https:\/\/www.arnaques-location-vacances.com\/\",\"name\":\"Stop aux arnaques \u00e0 la location de vacances\",\"description\":\"Tout ce qu&#039;il faut savoir pour \u00e9chapper \u00e0 la fraude\",\"publisher\":{\"@id\":\"https:\/\/www.arnaques-location-vacances.com\/#organization\"},\"potentialAction\":[{\"@type\":\"SearchAction\",\"target\":{\"@type\":\"EntryPoint\",\"urlTemplate\":\"https:\/\/www.arnaques-location-vacances.com\/?s={search_term_string}\"},\"query-input\":\"required name=search_term_string\"}],\"inLanguage\":\"fr-FR\"},{\"@type\":\"WebPage\",\"@id\":\"https:\/\/www.arnaques-location-vacances.com\/index.php\/les-demarches-et-recours\/\",\"url\":\"https:\/\/www.arnaques-location-vacances.com\/index.php\/les-demarches-et-recours\/\",\"name\":\"Les d\u00e9marches et recours en cas d'arnaque \u00e0 la location de vacances - Stop aux arnaques \u00e0 la location de vacances\",\"isPartOf\":{\"@id\":\"https:\/\/www.arnaques-location-vacances.com\/#website\"},\"datePublished\":\"2021-09-30T13:53:43+00:00\",\"dateModified\":\"2022-08-23T13:52:44+00:00\",\"description\":\"Quels sont vos recours si vous avez \u00e9t\u00e9 victime d'une fraude \u00e0 la location de vacances ? Quelles d\u00e9marches mettre en place ?\",\"breadcrumb\":{\"@id\":\"https:\/\/www.arnaques-location-vacances.com\/index.php\/les-demarches-et-recours\/#breadcrumb\"},\"inLanguage\":\"fr-FR\",\"potentialAction\":[{\"@type\":\"ReadAction\",\"target\":[\"https:\/\/www.arnaques-location-vacances.com\/index.php\/les-demarches-et-recours\/\"]}]},{\"@type\":\"BreadcrumbList\",\"@id\":\"https:\/\/www.arnaques-location-vacances.com\/index.php\/les-demarches-et-recours\/#breadcrumb\",\"itemListElement\":[{\"@type\":\"ListItem\",\"position\":1,\"name\":\"Accueil\",\"item\":\"https:\/\/www.arnaques-location-vacances.com\/\"},{\"@type\":\"ListItem\",\"position\":2,\"name\":\"Les d\u00e9marches et recours en cas d&#8217;arnaque \u00e0 la location de vacances\"}]}]}<\/script>\n<!-- \/ Yoast SEO plugin. -->","yoast_head_json":{"title":"Les d\u00e9marches et recours en cas d'arnaque \u00e0 la location de vacances - Stop aux arnaques \u00e0 la location de vacances","description":"Quels sont vos recours si vous avez \u00e9t\u00e9 victime d'une fraude \u00e0 la location de vacances ? Quelles d\u00e9marches mettre en place ?","robots":{"index":"index","follow":"follow","max-snippet":"max-snippet:-1","max-image-preview":"max-image-preview:large","max-video-preview":"max-video-preview:-1"},"canonical":"https:\/\/www.arnaques-location-vacances.com\/index.php\/les-demarches-et-recours\/","og_locale":"fr_FR","og_type":"article","og_title":"Les d\u00e9marches et recours en cas d'arnaque \u00e0 la location de vacances - Stop aux arnaques \u00e0 la location de vacances","og_description":"Quels sont vos recours si vous avez \u00e9t\u00e9 victime d'une fraude \u00e0 la location de vacances ? Quelles d\u00e9marches mettre en place ?","og_url":"https:\/\/www.arnaques-location-vacances.com\/index.php\/les-demarches-et-recours\/","og_site_name":"Stop aux arnaques \u00e0 la location de vacances","article_modified_time":"2022-08-23T13:52:44+00:00","twitter_card":"summary_large_image","twitter_misc":{"Dur\u00e9e de lecture estim\u00e9e":"4 minutes"},"schema":{"@context":"https:\/\/schema.org","@graph":[{"@type":"Organization","@id":"https:\/\/www.arnaques-location-vacances.com\/#organization","name":"Stop aux arnaques \u00e0 la location de vacances","url":"https:\/\/www.arnaques-location-vacances.com\/","sameAs":[],"logo":{"@type":"ImageObject","inLanguage":"fr-FR","@id":"https:\/\/www.arnaques-location-vacances.com\/#\/schema\/logo\/image\/","url":"https:\/\/www.arnaques-location-vacances.com\/wp-content\/uploads\/2021\/09\/cropped-cropped-logo.gif","contentUrl":"https:\/\/www.arnaques-location-vacances.com\/wp-content\/uploads\/2021\/09\/cropped-cropped-logo.gif","width":250,"height":250,"caption":"Stop aux arnaques \u00e0 la location de vacances"},"image":{"@id":"https:\/\/www.arnaques-location-vacances.com\/#\/schema\/logo\/image\/"}},{"@type":"WebSite","@id":"https:\/\/www.arnaques-location-vacances.com\/#website","url":"https:\/\/www.arnaques-location-vacances.com\/","name":"Stop aux arnaques \u00e0 la location de vacances","description":"Tout ce qu&#039;il faut savoir pour \u00e9chapper \u00e0 la fraude","publisher":{"@id":"https:\/\/www.arnaques-location-vacances.com\/#organization"},"potentialAction":[{"@type":"SearchAction","target":{"@type":"EntryPoint","urlTemplate":"https:\/\/www.arnaques-location-vacances.com\/?s={search_term_string}"},"query-input":"required name=search_term_string"}],"inLanguage":"fr-FR"},{"@type":"WebPage","@id":"https:\/\/www.arnaques-location-vacances.com\/index.php\/les-demarches-et-recours\/","url":"https:\/\/www.arnaques-location-vacances.com\/index.php\/les-demarches-et-recours\/","name":"Les d\u00e9marches et recours en cas d'arnaque \u00e0 la location de vacances - Stop aux arnaques \u00e0 la location de vacances","isPartOf":{"@id":"https:\/\/www.arnaques-location-vacances.com\/#website"},"datePublished":"2021-09-30T13:53:43+00:00","dateModified":"2022-08-23T13:52:44+00:00","description":"Quels sont vos recours si vous avez \u00e9t\u00e9 victime d'une fraude \u00e0 la location de vacances ? Quelles d\u00e9marches mettre en place ?","breadcrumb":{"@id":"https:\/\/www.arnaques-location-vacances.com\/index.php\/les-demarches-et-recours\/#breadcrumb"},"inLanguage":"fr-FR","potentialAction":[{"@type":"ReadAction","target":["https:\/\/www.arnaques-location-vacances.com\/index.php\/les-demarches-et-recours\/"]}]},{"@type":"BreadcrumbList","@id":"https:\/\/www.arnaques-location-vacances.com\/index.php\/les-demarches-et-recours\/#breadcrumb","itemListElement":[{"@type":"ListItem","position":1,"name":"Accueil","item":"https:\/\/www.arnaques-location-vacances.com\/"},{"@type":"ListItem","position":2,"name":"Les d\u00e9marches et recours en cas d&#8217;arnaque \u00e0 la location de vacances"}]}]}},"_links":{"self":[{"href":"https:\/\/www.arnaques-location-vacances.com\/index.php\/wp-json\/wp\/v2\/pages\/625"}],"collection":[{"href":"https:\/\/www.arnaques-location-vacances.com\/index.php\/wp-json\/wp\/v2\/pages"}],"about":[{"href":"https:\/\/www.arnaques-location-vacances.com\/index.php\/wp-json\/wp\/v2\/types\/page"}],"author":[{"embeddable":true,"href":"https:\/\/www.arnaques-location-vacances.com\/index.php\/wp-json\/wp\/v2\/users\/1"}],"replies":[{"embeddable":true,"href":"https:\/\/www.arnaques-location-vacances.com\/index.php\/wp-json\/wp\/v2\/comments?post=625"}],"version-history":[{"count":29,"href":"https:\/\/www.arnaques-location-vacances.com\/index.php\/wp-json\/wp\/v2\/pages\/625\/revisions"}],"predecessor-version":[{"id":1337,"href":"https:\/\/www.arnaques-location-vacances.com\/index.php\/wp-json\/wp\/v2\/pages\/625\/revisions\/1337"}],"wp:attachment":[{"href":"https:\/\/www.arnaques-location-vacances.com\/index.php\/wp-json\/wp\/v2\/media?parent=625"}],"curies":[{"name":"wp","href":"https:\/\/api.w.org\/{rel}","templated":true}]}}