{"id":3,"date":"2021-08-26T16:06:28","date_gmt":"2021-08-26T14:06:28","guid":{"rendered":"http:\/\/arnaques-location-vacances.com\/?page_id=3"},"modified":"2021-09-17T15:11:16","modified_gmt":"2021-09-17T13:11:16","slug":"infos","status":"publish","type":"page","link":"https:\/\/www.arnaques-location-vacances.com\/index.php\/infos\/","title":{"rendered":"Infos l\u00e9gales, responsabilit\u00e9 et donn\u00e9es personnelles"},"content":{"rendered":"\n<h2>Le blog<\/h2>\n\n\n\n<p>L\u2019adresse du Blog est\u00a0: http:\/\/www.arnaques-location-vacances.com. <\/p>\n\n\n\n<h2>L&#8217;h\u00e9bergeur <\/h2>\n\n\n\n<p>L&#8217;h\u00e9bergeur de ce blog est la soci\u00e9t\u00e9 OVH sis au 2 Rue Kellermann \u00e0 Roubaix, France.<\/p>\n\n\n\n<h2>L&#8217;auteur <\/h2>\n\n\n\n<p>Ce blog est \u00e9dit\u00e9 \u00e0 titre personnel et b\u00e9n\u00e9vole par Herv\u00e9 Paccard, en charge de la lutte contre la fraude pour la plate-forme europ\u00e9enne de locations de vacances MediaVacances.com.<\/p>\n\n\n\n<h2>Responsabilit\u00e9 <\/h2>\n\n\n\n<p>Le lecteur est inform\u00e9 que les informations et conseils donn\u00e9s dans ce Blog le sont \u00e0 titre b\u00e9n\u00e9vole, et que l\u2019auteur ne garantit pas la fiabilit\u00e9, la performance, l\u2019exhaustivit\u00e9 des contenus \u00e9dit\u00e9s . Les lecteurs acceptent d\u2019utiliser ces informations sous leur responsabilit\u00e9 exclusive.<\/p>\n\n\n\n<p>L\u2019auteur ne peut donc \u00eatre tenu pour responsable des dommages directs ou indirects dont se pr\u00e9vaudraient les lecteurs, qui se fondent sur l\u2019information ou contenu \u00e9dit\u00e9 sur le Blog.<br><\/p>\n\n\n\n<h2>Propri\u00e9t\u00e9 intellectuelle <\/h2>\n\n\n\n<p>L&#8217;auteur de ce Blog est titulaire des droits de propri\u00e9t\u00e9 intellectuelle sur tous les \u00e9l\u00e9ments qui le composent tels que texte, photographie, formulaire, image, infographie, dessins, logo, enregistrement phonographique ou vid\u00e9ographique, format \u00e9ditorial, charte graphique, programme informatique ou toute autre cr\u00e9ation. L&#8217;ensemble de ces oeuvres a fait l&#8217;objet d&#8217;un d\u00e9p\u00f4t aupr\u00e8s de l&#8217;INPI. <\/p>\n\n\n\n<p>Qu\u2019ils soient accessibles gratuitement ou non, toute reproduction, repr\u00e9sentation, diffusion, traduction ou exploitation totale ou partielle, de quelque nature que ce soit et par quelque moyen que ce soit, de l\u2019un quelconque de ces \u00e9l\u00e9ments, sans l\u2019autorisation \u00e9crite et pr\u00e9alable de l&#8217;auteur, est strictement interdite et constituerait, au regard des articles L. 335-2 du Code de la propri\u00e9t\u00e9 intellectuelle, un d\u00e9lit de contrefa\u00e7on passible de trois ans d\u2019emprisonnement et 300 000 \u20ac d\u2019amende.<\/p>\n\n\n\n<h2>Utilisation des donn\u00e9es personnelles collect\u00e9es<\/h2>\n\n\n\n<h3>Commentaires<\/h3>\n\n\n\n<p>Quand vous laissez un commentaire sur le Blog, les donn\u00e9es inscrites dans le formulaire de commentaire, mais aussi votre adresse IP et l\u2019agent utilisateur de votre navigateur sont collect\u00e9s pour nous aider \u00e0 la d\u00e9tection des commentaires ind\u00e9sirables.<\/p>\n\n\n\n<p>Une cha\u00eene anonymis\u00e9e cr\u00e9\u00e9e \u00e0 partir de votre adresse de messagerie (\u00e9galement appel\u00e9e hash) peut \u00eatre envoy\u00e9e au service Gravatar pour v\u00e9rifier si vous utilisez ce dernier. Les clauses de confidentialit\u00e9 du service Gravatar sont disponibles ici&nbsp;: https:\/\/automattic.com\/privacy\/. Apr\u00e8s validation de votre commentaire, votre photo de profil sera visible publiquement \u00e0 cot\u00e9 de votre commentaire.<\/p>\n\n\n\n<h3>Formulaires de contact<\/h3>\n\n\n\n<p>Les donn\u00e9es saisies \u00e0 partir du formulaire de contact seront collect\u00e9 aux seuls fins de pouvoir r\u00e9pondre \u00e0 l&#8217;internaute et traiter sa demande. <\/p>\n\n\n\n<h3>Cookies<\/h3>\n\n\n\n<p>Si vous d\u00e9posez un commentaire sur notre site, il vous sera propos\u00e9 d\u2019enregistrer votre nom, adresse de messagerie et site web dans des cookies. C\u2019est uniquement pour votre confort afin de ne pas avoir \u00e0 saisir ces informations si vous d\u00e9posez un autre commentaire plus tard. Ces cookies expirent au bout d\u2019un an.<\/p>\n\n\n\n<p>Si vous vous rendez sur la page de connexion, un cookie temporaire sera cr\u00e9\u00e9 afin de d\u00e9terminer si votre navigateur accepte les cookies. Il ne contient pas de donn\u00e9es personnelles et sera supprim\u00e9 automatiquement \u00e0 la fermeture de votre navigateur.<\/p>\n\n\n\n<p>Lorsque vous vous connecterez, nous mettrons en place un certain nombre de cookies pour enregistrer vos informations de connexion et vos pr\u00e9f\u00e9rences d\u2019\u00e9cran. La dur\u00e9e de vie d\u2019un cookie de connexion est de deux jours, celle d\u2019un cookie d\u2019option d\u2019\u00e9cran est d\u2019un an. Si vous cochez \u00ab&nbsp;Se souvenir de moi&nbsp;\u00bb, votre cookie de connexion sera conserv\u00e9 pendant deux semaines. Si vous vous d\u00e9connectez de votre compte, le cookie de connexion sera effac\u00e9.<\/p>\n\n\n\n<p>En modifiant ou en publiant une publication, un cookie suppl\u00e9mentaire sera enregistr\u00e9 dans votre navigateur. Ce cookie ne comprend aucune donn\u00e9e personnelle. Il indique simplement l\u2019ID de la publication que vous venez de modifier. Il expire au bout d\u2019un jour.<\/p>\n\n\n\n<h3>Contenu embarqu\u00e9 depuis d\u2019autres sites<\/h3>\n\n\n\n<p>Les articles de ce site peuvent inclure des contenus int\u00e9gr\u00e9s (par exemple des vid\u00e9os, images, articles\u2026). Le contenu int\u00e9gr\u00e9 depuis d\u2019autres sites se comporte de la m\u00eame mani\u00e8re que si le visiteur se rendait sur cet autre site.<\/p>\n\n\n\n<p>Ces sites web pourraient collecter des donn\u00e9es sur vous, utiliser des cookies, embarquer des outils de suivis tiers, suivre vos interactions avec ces contenus embarqu\u00e9s si vous disposez d\u2019un compte connect\u00e9 sur leur site web.<\/p>\n\n\n\n<h2>Dur\u00e9es de stockage de vos donn\u00e9es<\/h2>\n\n\n\n<p>Si vous laissez un commentaire, le commentaire et ses m\u00e9tadonn\u00e9es sont conserv\u00e9s ind\u00e9finiment. Cela permet de reconna\u00eetre et approuver automatiquement les commentaires suivants au lieu de les laisser dans la file de mod\u00e9ration.<\/p>\n\n\n\n<p>Pour les utilisateurs et utilisatrices qui s\u2019inscrivent sur notre site (si cela est possible), nous stockons \u00e9galement les donn\u00e9es personnelles indiqu\u00e9es dans leur profil. Tous les utilisateurs et utilisatrices peuvent voir, modifier ou supprimer leurs informations personnelles \u00e0 tout moment (\u00e0 l\u2019exception de leur nom d\u2019utilisateur\u00b7ice). Les gestionnaires du site peuvent aussi voir et modifier ces informations.<\/p>\n\n\n\n<h2>Les droits que vous avez sur vos donn\u00e9es<\/h2>\n\n\n\n<p>Si vous avez un compte ou si vous avez laiss\u00e9 des commentaires sur le site, vous pouvez demander \u00e0 recevoir un fichier contenant toutes les donn\u00e9es personnelles que nous poss\u00e9dons \u00e0 votre sujet, incluant celles que vous nous avez fournies. Vous pouvez \u00e9galement demander la suppression des donn\u00e9es personnelles vous concernant. Cela ne prend pas en compte les donn\u00e9es stock\u00e9es \u00e0 des fins administratives, l\u00e9gales ou pour des raisons de s\u00e9curit\u00e9.<\/p>\n\n\n\n<h2>Transmission de vos donn\u00e9es personnelles<\/h2>\n\n\n\n<p>Les commentaires des visiteurs peuvent \u00eatre v\u00e9rifi\u00e9s \u00e0 l\u2019aide d\u2019un service automatis\u00e9 de d\u00e9tection des commentaires ind\u00e9sirables.<br><\/p>\n","protected":false},"excerpt":{"rendered":"<p>Le blog L\u2019adresse du Blog est\u00a0: http:\/\/www.arnaques-location-vacances.com. L&#8217;h\u00e9bergeur L&#8217;h\u00e9bergeur de ce blog est la soci\u00e9t\u00e9 OVH sis au 2 Rue Kellermann \u00e0 Roubaix, France. L&#8217;auteur Ce blog est \u00e9dit\u00e9 \u00e0 titre personnel et b\u00e9n\u00e9vole par Herv\u00e9 Paccard, en charge de la lutte contre la fraude pour la plate-forme europ\u00e9enne de locations de vacances MediaVacances.com. Responsabilit\u00e9&hellip;&nbsp;<a href=\"https:\/\/www.arnaques-location-vacances.com\/index.php\/infos\/\" class=\"\" rel=\"bookmark\">Lire la suite &raquo;<span class=\"screen-reader-text\">Infos l\u00e9gales, responsabilit\u00e9 et donn\u00e9es personnelles<\/span><\/a><\/p>\n","protected":false},"author":1,"featured_media":0,"parent":0,"menu_order":0,"comment_status":"closed","ping_status":"open","template":"","meta":{"_eb_attr":"","eb_css":"","neve_meta_sidebar":"","neve_meta_container":"","neve_meta_enable_content_width":"","neve_meta_content_width":0,"neve_meta_title_alignment":"","neve_meta_author_avatar":"","neve_post_elements_order":"","neve_meta_disable_header":"","neve_meta_disable_footer":"","neve_meta_disable_title":""},"acf":[],"yoast_head":"<!-- This site is optimized with the Yoast SEO plugin v19.4 - https:\/\/yoast.com\/wordpress\/plugins\/seo\/ -->\n<title>INfos l\u00e9gales, responsabilit\u00e9 et donn\u00e9es personnelles<\/title>\n<meta name=\"robots\" content=\"index, follow, max-snippet:-1, max-image-preview:large, max-video-preview:-1\" \/>\n<link rel=\"canonical\" href=\"https:\/\/www.arnaques-location-vacances.com\/index.php\/infos\/\" \/>\n<meta property=\"og:locale\" content=\"fr_FR\" \/>\n<meta property=\"og:type\" content=\"article\" \/>\n<meta property=\"og:title\" content=\"INfos l\u00e9gales, responsabilit\u00e9 et donn\u00e9es personnelles\" \/>\n<meta property=\"og:description\" content=\"Le blog L\u2019adresse du Blog est\u00a0: http:\/\/www.arnaques-location-vacances.com. L&#8217;h\u00e9bergeur L&#8217;h\u00e9bergeur de ce blog est la soci\u00e9t\u00e9 OVH sis au 2 Rue Kellermann \u00e0 Roubaix, France. L&#8217;auteur Ce blog est \u00e9dit\u00e9 \u00e0 titre personnel et b\u00e9n\u00e9vole par Herv\u00e9 Paccard, en charge de la lutte contre la fraude pour la plate-forme europ\u00e9enne de locations de vacances MediaVacances.com. Responsabilit\u00e9&hellip;&nbsp;Lire la suite &raquo;Infos l\u00e9gales, responsabilit\u00e9 et donn\u00e9es personnelles\" \/>\n<meta property=\"og:url\" content=\"https:\/\/www.arnaques-location-vacances.com\/index.php\/infos\/\" \/>\n<meta property=\"og:site_name\" content=\"Stop aux arnaques \u00e0 la location de vacances\" \/>\n<meta property=\"article:modified_time\" content=\"2021-09-17T13:11:16+00:00\" \/>\n<meta name=\"twitter:card\" content=\"summary_large_image\" \/>\n<meta name=\"twitter:label1\" content=\"Dur\u00e9e de lecture estim\u00e9e\" \/>\n\t<meta name=\"twitter:data1\" content=\"4 minutes\" \/>\n<script type=\"application\/ld+json\" class=\"yoast-schema-graph\">{\"@context\":\"https:\/\/schema.org\",\"@graph\":[{\"@type\":\"Organization\",\"@id\":\"https:\/\/www.arnaques-location-vacances.com\/#organization\",\"name\":\"Stop aux arnaques \u00e0 la location de vacances\",\"url\":\"https:\/\/www.arnaques-location-vacances.com\/\",\"sameAs\":[],\"logo\":{\"@type\":\"ImageObject\",\"inLanguage\":\"fr-FR\",\"@id\":\"https:\/\/www.arnaques-location-vacances.com\/#\/schema\/logo\/image\/\",\"url\":\"https:\/\/www.arnaques-location-vacances.com\/wp-content\/uploads\/2021\/09\/cropped-cropped-logo.gif\",\"contentUrl\":\"https:\/\/www.arnaques-location-vacances.com\/wp-content\/uploads\/2021\/09\/cropped-cropped-logo.gif\",\"width\":250,\"height\":250,\"caption\":\"Stop aux arnaques \u00e0 la location de vacances\"},\"image\":{\"@id\":\"https:\/\/www.arnaques-location-vacances.com\/#\/schema\/logo\/image\/\"}},{\"@type\":\"WebSite\",\"@id\":\"https:\/\/www.arnaques-location-vacances.com\/#website\",\"url\":\"https:\/\/www.arnaques-location-vacances.com\/\",\"name\":\"Stop aux arnaques \u00e0 la location de vacances\",\"description\":\"Tout ce qu&#039;il faut savoir pour \u00e9chapper \u00e0 la fraude\",\"publisher\":{\"@id\":\"https:\/\/www.arnaques-location-vacances.com\/#organization\"},\"potentialAction\":[{\"@type\":\"SearchAction\",\"target\":{\"@type\":\"EntryPoint\",\"urlTemplate\":\"https:\/\/www.arnaques-location-vacances.com\/?s={search_term_string}\"},\"query-input\":\"required name=search_term_string\"}],\"inLanguage\":\"fr-FR\"},{\"@type\":\"WebPage\",\"@id\":\"https:\/\/www.arnaques-location-vacances.com\/index.php\/infos\/\",\"url\":\"https:\/\/www.arnaques-location-vacances.com\/index.php\/infos\/\",\"name\":\"INfos l\u00e9gales, responsabilit\u00e9 et donn\u00e9es personnelles\",\"isPartOf\":{\"@id\":\"https:\/\/www.arnaques-location-vacances.com\/#website\"},\"datePublished\":\"2021-08-26T14:06:28+00:00\",\"dateModified\":\"2021-09-17T13:11:16+00:00\",\"breadcrumb\":{\"@id\":\"https:\/\/www.arnaques-location-vacances.com\/index.php\/infos\/#breadcrumb\"},\"inLanguage\":\"fr-FR\",\"potentialAction\":[{\"@type\":\"ReadAction\",\"target\":[\"https:\/\/www.arnaques-location-vacances.com\/index.php\/infos\/\"]}]},{\"@type\":\"BreadcrumbList\",\"@id\":\"https:\/\/www.arnaques-location-vacances.com\/index.php\/infos\/#breadcrumb\",\"itemListElement\":[{\"@type\":\"ListItem\",\"position\":1,\"name\":\"Accueil\",\"item\":\"https:\/\/www.arnaques-location-vacances.com\/\"},{\"@type\":\"ListItem\",\"position\":2,\"name\":\"Infos l\u00e9gales, responsabilit\u00e9 et donn\u00e9es personnelles\"}]}]}<\/script>\n<!-- \/ Yoast SEO plugin. -->","yoast_head_json":{"title":"INfos l\u00e9gales, responsabilit\u00e9 et donn\u00e9es personnelles","robots":{"index":"index","follow":"follow","max-snippet":"max-snippet:-1","max-image-preview":"max-image-preview:large","max-video-preview":"max-video-preview:-1"},"canonical":"https:\/\/www.arnaques-location-vacances.com\/index.php\/infos\/","og_locale":"fr_FR","og_type":"article","og_title":"INfos l\u00e9gales, responsabilit\u00e9 et donn\u00e9es personnelles","og_description":"Le blog L\u2019adresse du Blog est\u00a0: http:\/\/www.arnaques-location-vacances.com. L&#8217;h\u00e9bergeur L&#8217;h\u00e9bergeur de ce blog est la soci\u00e9t\u00e9 OVH sis au 2 Rue Kellermann \u00e0 Roubaix, France. L&#8217;auteur Ce blog est \u00e9dit\u00e9 \u00e0 titre personnel et b\u00e9n\u00e9vole par Herv\u00e9 Paccard, en charge de la lutte contre la fraude pour la plate-forme europ\u00e9enne de locations de vacances MediaVacances.com. Responsabilit\u00e9&hellip;&nbsp;Lire la suite &raquo;Infos l\u00e9gales, responsabilit\u00e9 et donn\u00e9es personnelles","og_url":"https:\/\/www.arnaques-location-vacances.com\/index.php\/infos\/","og_site_name":"Stop aux arnaques \u00e0 la location de vacances","article_modified_time":"2021-09-17T13:11:16+00:00","twitter_card":"summary_large_image","twitter_misc":{"Dur\u00e9e de lecture estim\u00e9e":"4 minutes"},"schema":{"@context":"https:\/\/schema.org","@graph":[{"@type":"Organization","@id":"https:\/\/www.arnaques-location-vacances.com\/#organization","name":"Stop aux arnaques \u00e0 la location de vacances","url":"https:\/\/www.arnaques-location-vacances.com\/","sameAs":[],"logo":{"@type":"ImageObject","inLanguage":"fr-FR","@id":"https:\/\/www.arnaques-location-vacances.com\/#\/schema\/logo\/image\/","url":"https:\/\/www.arnaques-location-vacances.com\/wp-content\/uploads\/2021\/09\/cropped-cropped-logo.gif","contentUrl":"https:\/\/www.arnaques-location-vacances.com\/wp-content\/uploads\/2021\/09\/cropped-cropped-logo.gif","width":250,"height":250,"caption":"Stop aux arnaques \u00e0 la location de vacances"},"image":{"@id":"https:\/\/www.arnaques-location-vacances.com\/#\/schema\/logo\/image\/"}},{"@type":"WebSite","@id":"https:\/\/www.arnaques-location-vacances.com\/#website","url":"https:\/\/www.arnaques-location-vacances.com\/","name":"Stop aux arnaques \u00e0 la location de vacances","description":"Tout ce qu&#039;il faut savoir pour \u00e9chapper \u00e0 la fraude","publisher":{"@id":"https:\/\/www.arnaques-location-vacances.com\/#organization"},"potentialAction":[{"@type":"SearchAction","target":{"@type":"EntryPoint","urlTemplate":"https:\/\/www.arnaques-location-vacances.com\/?s={search_term_string}"},"query-input":"required name=search_term_string"}],"inLanguage":"fr-FR"},{"@type":"WebPage","@id":"https:\/\/www.arnaques-location-vacances.com\/index.php\/infos\/","url":"https:\/\/www.arnaques-location-vacances.com\/index.php\/infos\/","name":"INfos l\u00e9gales, responsabilit\u00e9 et donn\u00e9es personnelles","isPartOf":{"@id":"https:\/\/www.arnaques-location-vacances.com\/#website"},"datePublished":"2021-08-26T14:06:28+00:00","dateModified":"2021-09-17T13:11:16+00:00","breadcrumb":{"@id":"https:\/\/www.arnaques-location-vacances.com\/index.php\/infos\/#breadcrumb"},"inLanguage":"fr-FR","potentialAction":[{"@type":"ReadAction","target":["https:\/\/www.arnaques-location-vacances.com\/index.php\/infos\/"]}]},{"@type":"BreadcrumbList","@id":"https:\/\/www.arnaques-location-vacances.com\/index.php\/infos\/#breadcrumb","itemListElement":[{"@type":"ListItem","position":1,"name":"Accueil","item":"https:\/\/www.arnaques-location-vacances.com\/"},{"@type":"ListItem","position":2,"name":"Infos l\u00e9gales, responsabilit\u00e9 et donn\u00e9es personnelles"}]}]}},"_links":{"self":[{"href":"https:\/\/www.arnaques-location-vacances.com\/index.php\/wp-json\/wp\/v2\/pages\/3"}],"collection":[{"href":"https:\/\/www.arnaques-location-vacances.com\/index.php\/wp-json\/wp\/v2\/pages"}],"about":[{"href":"https:\/\/www.arnaques-location-vacances.com\/index.php\/wp-json\/wp\/v2\/types\/page"}],"author":[{"embeddable":true,"href":"https:\/\/www.arnaques-location-vacances.com\/index.php\/wp-json\/wp\/v2\/users\/1"}],"replies":[{"embeddable":true,"href":"https:\/\/www.arnaques-location-vacances.com\/index.php\/wp-json\/wp\/v2\/comments?post=3"}],"version-history":[{"count":5,"href":"https:\/\/www.arnaques-location-vacances.com\/index.php\/wp-json\/wp\/v2\/pages\/3\/revisions"}],"predecessor-version":[{"id":316,"href":"https:\/\/www.arnaques-location-vacances.com\/index.php\/wp-json\/wp\/v2\/pages\/3\/revisions\/316"}],"wp:attachment":[{"href":"https:\/\/www.arnaques-location-vacances.com\/index.php\/wp-json\/wp\/v2\/media?parent=3"}],"curies":[{"name":"wp","href":"https:\/\/api.w.org\/{rel}","templated":true}]}}